lculate the highest common divisor of p and 16.
8
Let h(x) = x**3 + 7*x**2 + 6*x + 4. Let a be h(-5). Suppose 4*i - 382 = 386. What is the highest common divisor of a and i?
24
Let p = 10 - 7. Suppose p*w = 4*x - 156, 5*x = -2*w + 123 + 49. Let z(s) = s**2 - s + 6. Let u be z(3). Calculate the highest common factor of u and x.
12
Suppose 11*h - 4*h = 154. Suppose -d = j - 193, d + d = -j + 391. Calculate the greatest common divisor of d and h.
22
Let g(z) = -10*z - 110. Let y be g(-18). What is the greatest common factor of y and 21?
7
Let r = -510 + 706. What is the highest common divisor of r and 4?
4
Let h(n) = 2 + 4*n**2 + 3*n - 2*n**2 - 6*n**2 - 120*n**3 + 121*n**3. Let d be h(4). Let t = 274 - 162. What is the highest common factor of d and t?
14
Suppose 0*j = 2*j. Suppose -2*n + 402 + 138 = j. Let i = -160 + n. Calculate the highest common divisor of i and 10.
10
Let b be (5 + (-470)/30)*(5 - 11). What is the greatest common divisor of b and 6?
2
Let v(g) = -2*g**2 - 34*g + 12. Let t be v(-5). What is the greatest common divisor of 572 and t?
44
Suppose -2*h - 33 = 5*m, 3*h = -2*m - 0*h - 11. Let x be (5/(-4))/(m/28). What is the greatest common divisor of 5 and x?
5
Suppose -3*n = -3*p - 48, 0 = 2*n + 4*p + p + 3. Let x = n - 8. Let j be (4/x)/(5/15). Calculate the highest common factor of 32 and j.
4
Let a(g) = 329*g**2 + g + 2. Suppose 3*c - 2*n - 3 = 0, -21 = 4*c + 5*n - 2. Let s be a(c). Calculate the greatest common factor of s and 30.
30
Suppose 98 = 4*q + 30. Calculate the greatest common factor of 34 and q.
17
Let i = 397 - 366. Calculate the highest common divisor of 341 and i.
31
Suppose 2*x + 97 - 1147 = 0. Calculate the highest common factor of x and 75.
75
Suppose -16*b = -140 - 212. Calculate the highest common divisor of 22 and b.
22
Suppose 4*p = 3*y - 40 - 314, 5*y - 573 = p. Calculate the highest common factor of 57 and y.
57
Suppose -k + 0 + 42 = 0. Let b be 2/8 + 1/(20/95). Let z = b + 23. What is the greatest common factor of z and k?
14
Suppose 2*x - 3*c = c + 36, 99 = 5*x - c. Suppose 0 = 3*n - 45. What is the highest common divisor of n and x?
5
Suppose y = c - 18, 31 = 2*c + 5*y + 9. Calculate the highest common divisor of 14 and c.
2
Let q = 24 + -14. Suppose -3*f - 175 = -5*f + k, -25 = -5*k. What is the highest common divisor of f and q?
10
Let s(g) = -g**3 - 41*g**2 + 42*g + 46. Let c be s(-42). What is the highest common divisor of c and 391?
23
Let n = 297 - 279. Calculate the greatest common divisor of 24 and n.
6
Suppose -2*h - 78 = -4*w - 0*w, 0 = w - 5*h - 15. Suppose -50*g + 2717 = 217. What is the greatest common divisor of g and w?
10
Let s(h) = 2*h**2 - 2*h - 5. Let i be s(-4). Suppose -k + 3*f + 8 = 0, 5*k - 4*f + 0*f - 62 = 0. Calculate the highest common divisor of i and k.
7
Let g(z) = z**2 - 5*z. Let j be g(5). Suppose m - 1 = -j. Let c(s) = -s**2 - 2*s + 11. Let o be c(0). What is the greatest common factor of m and o?
1
Suppose 0 = 3*b - 0*b - 2*m - 44, -28 = -3*b - 2*m. Let v be (3/(9/6) - -2) + 80. Calculate the greatest common divisor of b and v.
12
Let l(m) = m**3 + 106*m**2 - 211*m + 661. Let g be l(-108). Let y = 21 + -10. Calculate the highest common factor of g and y.
11
Let w(y) = -y**3 - 7*y**2 - 10*y - 9. Let u = -21 + 15. Let t be w(u). What is the greatest common factor of 30 and t?
15
Suppose 15 = -0*q + 3*q. Suppose q*h - 25 = 0, -3*h + 31 = -p + 3*p. What is the greatest common divisor of 8 and p?
8
Let f = -1047 + 1485. Calculate the highest common divisor of f and 6.
6
Let f be 35/5 - (-390)/3 - 4. What is the highest common factor of f and 247?
19
Suppose 0 = 5*x - 10, -22 - 14 = -2*u - 3*x. Suppose -q = -37 + u. Calculate the greatest common factor of 242 and q.
22
Suppose 0 = -l + 5*l - 288. What is the greatest common divisor of 198 and l?
18
Let b(r) = 8*r - 11. Suppose 4*q + 0 = 56. Let s = 17 - q. Let h be b(s). Calculate the highest common factor of 26 and h.
13
Let g = 40 - 73. Let o be (11 + 1)/(g/(-22)). Suppose -r - 5*h + 3 = 0, 0 = 5*r + 3*h - 7 - o. What is the highest common divisor of 21 and r?
3
Suppose -3*u = -255 + 249. Calculate the highest common factor of 11 and u.
1
Suppose 2*b - 30 = -0*b. Let i(j) = 7 + 4*j - b - 2*j. Let c be i(8). What is the greatest common factor of 64 and c?
8
Let u(j) = 4*j**2 - 3*j - 1. Let q be u(-2). Calculate the highest common divisor of 6 and q.
3
Let b = -25 + 38. Let d be b - (-1 + (-12)/(-4)). Calculate the highest common divisor of d and 11.
11
Let i = 19 - -7. Let k be (3/1)/(1 - 0). Suppose -4*x = -4*r + 308, k*x - 237 = -5*r + 2*r. Calculate the greatest common divisor of i and r.
26
Let x be 16/10*4*490/112. What is the greatest common divisor of 896 and x?
28
Let d be (12/21)/(102/25347). Calculate the highest common factor of d and 4402.
142
Let f(i) = i**3 + 24*i**2 + 33*i + 99. Let t be f(-22). Calculate the greatest common divisor of t and 11.
11
Suppose 5*b - 1220 = 16*t - 21*t, -3*t = -2*b + 483. What is the greatest common divisor of b and 54?
27
Suppose 4*h + b - 3*b = 310, h = 5*b + 55. Calculate the greatest common factor of 40 and h.
40
Suppose -12*k - 2*t = -17*k + 70, 5*k - t = 65. What is the greatest common factor of k and 276?
12
Let r = -233 - -344. Calculate the highest common factor of r and 185.
37
Suppose 3*s + t - 105 = 37, 4*s - 168 = 4*t. Let b = -47 - -116. Calculate the greatest common divisor of b and s.
23
Let j be ((-11)/(-44))/(2*2/16). Let s be (42/10 - j)/((-8)/(-20)). Calculate the greatest common factor of 12 and s.
4
Let p be 690/180 + (-2)/(-12). What is the highest common divisor of 16 and p?
4
Suppose d - 13 = -22. Let u = d - -11. Suppose -4*y + b = -13 - 0, -u*y - 5*b - 21 = 0. What is the highest common divisor of 2 and y?
2
Let x be (5 - 4)/((-2)/(-30)). Let u = x + -11. Suppose -5 = -a + u. What is the highest common divisor of 18 and a?
9
Let u be ((-6320)/(-7))/10 + (-2)/7. Calculate the highest common factor of 10 and u.
10
Let c = 220 - 160. Let o be (2 + 6)/(4/10). Calculate the greatest common factor of c and o.
20
Let i = -158 - -288. Suppose 16*k - k - 75 = 0. Suppose 4*d - k*y - i = 0, -5*y = 3*d - 0*d - 115. Calculate the greatest common divisor of 7 and d.
7
Suppose 3*p + 19 - 148 = 0. Let t = p - 38. What is the highest common divisor of t and 5?
5
Let o = -28 + 31. Suppose -6*g = -5*g - o. Suppose 2*m - 5*r - 11 - 51 = 0, -2*r = 4*m - 76. Calculate the highest common factor of m and g.
3
Let a(w) = w**2 - 18*w + 8. Let l be a(10). Let n = l - -107. Calculate the highest common divisor of n and 15.
5
Suppose -4*d - 36 = t - 196, 762 = 5*t + d. What is the greatest common factor of t and 19?
19
Let a be ((-10)/4 + 3)/(2/180). Calculate the greatest common divisor of a and 135.
45
Suppose c - 3*c + 26 = 0. Suppose 3*g = -0*u - u + 8, 4*u = 3*g - c. Suppose 0 = -69*w + 207 + 207. Calculate the greatest common factor of g and w.
3
Let g = -6 + 17. Let o be (0 + 1)*-1*(50 - 149). Calculate the highest common divisor of g and o.
11
Let v be 8/(-16) + 911/2. What is the highest common factor of 35 and v?
35
Let k = 53 + -38. Suppose 28 = 5*w + d, -4*w + 2*w + 3*d + 18 = 0. Calculate the highest common factor of k and w.
3
Suppose 446 + 1374 = 26*b. What is the greatest common factor of b and 490?
70
Suppose -350*n + 356*n = 186. Let z be (31/(-3))/(5/(-30)). Calculate the highest common divisor of z and n.
31
Let n be (-2 - 6)*(3 - (-45)/(-12)). Let a be 6 + 0*1/2. Calculate the highest common factor of a and n.
6
Let f = -1302 + 1419. What is the highest common divisor of f and 156?
39
Let p = 27 + -57. Let w be 16/(-10)*p/4. Let m(k) = -k**3 + k + 2. Let h be m(-2). What is the greatest common factor of w and h?
4
Let b = 274 - 27. Calculate the highest common divisor of b and 26.
13
Let v(n) = n**3 + 53*n**2 + 3*n + 173. Let t be v(-53). Let p be ((-18)/27)/((-2)/21). Calculate the highest common factor of p and t.
7
Suppose 0 = -l + 4*j + 90, 2*j = -2*l + 151 + 79. What is the highest common factor of 33 and l?
11
Suppose -3*n + 2*m = -5*n + 36, 6 = -2*m. What is the highest common divisor of 357 and n?
21
Let x = 46 - 46. Suppose x = -4*f + 83 - 35. What is the greatest common divisor of f and 8?
4
Let w(l) = l**2 + 9*l + 20. Suppose 3*n - 27 = 6*n. Let 